{"id":1165,"date":"2025-09-17T16:26:04","date_gmt":"2025-09-17T21:26:04","guid":{"rendered":"https:\/\/tumobiliario.com\/?post_type=product&#038;p=1165"},"modified":"2025-10-09T13:23:32","modified_gmt":"2025-10-09T18:23:32","slug":"1165","status":"publish","type":"product","link":"https:\/\/tumobiliario.com\/index.php\/producto\/1165\/","title":{"rendered":"Silla Sky 07"},"content":{"rendered":"","protected":false},"excerpt":{"rendered":"<p>* Asiento , Patas y Espaldar Met\u00e1licos con Terminaci\u00f3n en<br \/>\nPintura Electrost\u00e1tica \/Asiento y Espaldar Metalicos<\/p>\n<p>* Patas Met\u00e1licas<\/p>\n","protected":false},"featured_media":1173,"template":"","meta":[],"product_brand":[],"product_cat":[28,29],"product_tag":[],"class_list":{"0":"post-1165","1":"product","2":"type-product","3":"status-publish","4":"has-post-thumbnail","6":"product_cat-sillas-comerciales","7":"product_cat-sillas-de-restaurante","9":"first","10":"instock","11":"shipping-taxable","12":"purchasable","13":"product-type-simple"},"yoast_head":"<!-- This site is optimized with the Yoast SEO plugin v26.2 - https:\/\/yoast.com\/wordpress\/plugins\/seo\/ -->\n<title>Silla Sky 07 - TU MOBILIARIO<\/title>\n<meta name=\"robots\" content=\"index, follow, max-snippet:-1, max-image-preview:large, max-video-preview:-1\" \/>\n<link rel=\"canonical\" href=\"https:\/\/tumobiliario.com\/index.php\/producto\/1165\/\" \/>\n<meta property=\"og:locale\" content=\"es_ES\" \/>\n<meta property=\"og:type\" content=\"article\" \/>\n<meta property=\"og:title\" content=\"Silla Sky 07 - TU MOBILIARIO\" \/>\n<meta property=\"og:description\" content=\"* Asiento , Patas y Espaldar Met\u00e1licos con Terminaci\u00f3n en Pintura Electrost\u00e1tica \/Asiento y Espaldar Metalicos  * Patas Met\u00e1licas\" \/>\n<meta property=\"og:url\" content=\"https:\/\/tumobiliario.com\/index.php\/producto\/1165\/\" \/>\n<meta property=\"og:site_name\" content=\"TU MOBILIARIO\" \/>\n<meta property=\"article:modified_time\" content=\"2025-10-09T18:23:32+00:00\" \/>\n<meta property=\"og:image\" content=\"https:\/\/tumobiliario.com\/wp-content\/uploads\/2025\/09\/sky-07-roja.png\" \/>\n\t<meta property=\"og:image:width\" content=\"800\" \/>\n\t<meta property=\"og:image:height\" content=\"800\" \/>\n\t<meta property=\"og:image:type\" content=\"image\/png\" \/>\n<meta name=\"twitter:card\" content=\"summary_large_image\" \/>\n<script type=\"application\/ld+json\" class=\"yoast-schema-graph\">{\"@context\":\"https:\/\/schema.org\",\"@graph\":[{\"@type\":\"WebPage\",\"@id\":\"https:\/\/tumobiliario.com\/index.php\/producto\/1165\/\",\"url\":\"https:\/\/tumobiliario.com\/index.php\/producto\/1165\/\",\"name\":\"Silla Sky 07 - TU MOBILIARIO\",\"isPartOf\":{\"@id\":\"https:\/\/tumobiliario.com\/#website\"},\"primaryImageOfPage\":{\"@id\":\"https:\/\/tumobiliario.com\/index.php\/producto\/1165\/#primaryimage\"},\"image\":{\"@id\":\"https:\/\/tumobiliario.com\/index.php\/producto\/1165\/#primaryimage\"},\"thumbnailUrl\":\"https:\/\/tumobiliario.com\/wp-content\/uploads\/2025\/09\/sky-07-roja.png\",\"datePublished\":\"2025-09-17T21:26:04+00:00\",\"dateModified\":\"2025-10-09T18:23:32+00:00\",\"breadcrumb\":{\"@id\":\"https:\/\/tumobiliario.com\/index.php\/producto\/1165\/#breadcrumb\"},\"inLanguage\":\"es-CO\",\"potentialAction\":[{\"@type\":\"ReadAction\",\"target\":[\"https:\/\/tumobiliario.com\/index.php\/producto\/1165\/\"]}]},{\"@type\":\"ImageObject\",\"inLanguage\":\"es-CO\",\"@id\":\"https:\/\/tumobiliario.com\/index.php\/producto\/1165\/#primaryimage\",\"url\":\"https:\/\/tumobiliario.com\/wp-content\/uploads\/2025\/09\/sky-07-roja.png\",\"contentUrl\":\"https:\/\/tumobiliario.com\/wp-content\/uploads\/2025\/09\/sky-07-roja.png\",\"width\":800,\"height\":800},{\"@type\":\"BreadcrumbList\",\"@id\":\"https:\/\/tumobiliario.com\/index.php\/producto\/1165\/#breadcrumb\",\"itemListElement\":[{\"@type\":\"ListItem\",\"position\":1,\"name\":\"Inicio\",\"item\":\"https:\/\/tumobiliario.com\/\"},{\"@type\":\"ListItem\",\"position\":2,\"name\":\"Tienda\",\"item\":\"https:\/\/tumobiliario.com\/index.php\/tienda\/\"},{\"@type\":\"ListItem\",\"position\":3,\"name\":\"Silla Sky 07\"}]},{\"@type\":\"WebSite\",\"@id\":\"https:\/\/tumobiliario.com\/#website\",\"url\":\"https:\/\/tumobiliario.com\/\",\"name\":\"TU MOBILIARIO\",\"description\":\"TU MOBILIARIO.COM, TODDO EN MOBILIARIO PARAA OFICINAS, RESTAURANTES Y CAFETER\u00cdAS, COLEGIOS, SECTOR SALUDD , SILLAS DDE OFICINA,, ESCRITORIOS,  DE OFICINA, LOCKERS , ARCHIVADORES , MEJORAMOS TU COTIZACI\u00d3N\",\"publisher\":{\"@id\":\"https:\/\/tumobiliario.com\/#organization\"},\"potentialAction\":[{\"@type\":\"SearchAction\",\"target\":{\"@type\":\"EntryPoint\",\"urlTemplate\":\"https:\/\/tumobiliario.com\/?s={search_term_string}\"},\"query-input\":{\"@type\":\"PropertyValueSpecification\",\"valueRequired\":true,\"valueName\":\"search_term_string\"}}],\"inLanguage\":\"es-CO\"},{\"@type\":\"Organization\",\"@id\":\"https:\/\/tumobiliario.com\/#organization\",\"name\":\"TU MOBILIARIO\",\"url\":\"https:\/\/tumobiliario.com\/\",\"logo\":{\"@type\":\"ImageObject\",\"inLanguage\":\"es-CO\",\"@id\":\"https:\/\/tumobiliario.com\/#\/schema\/logo\/image\/\",\"url\":\"https:\/\/tumobiliario.com\/wp-content\/uploads\/2025\/09\/tumobilaitio-2.gif\",\"contentUrl\":\"https:\/\/tumobiliario.com\/wp-content\/uploads\/2025\/09\/tumobilaitio-2.gif\",\"width\":2048,\"height\":334,\"caption\":\"TU MOBILIARIO\"},\"image\":{\"@id\":\"https:\/\/tumobiliario.com\/#\/schema\/logo\/image\/\"}}]}<\/script>\n<!-- \/ Yoast SEO plugin. -->","yoast_head_json":{"title":"Silla Sky 07 - TU MOBILIARIO","robots":{"index":"index","follow":"follow","max-snippet":"max-snippet:-1","max-image-preview":"max-image-preview:large","max-video-preview":"max-video-preview:-1"},"canonical":"https:\/\/tumobiliario.com\/index.php\/producto\/1165\/","og_locale":"es_ES","og_type":"article","og_title":"Silla Sky 07 - TU MOBILIARIO","og_description":"* Asiento , Patas y Espaldar Met\u00e1licos con Terminaci\u00f3n en Pintura Electrost\u00e1tica \/Asiento y Espaldar Metalicos  * Patas Met\u00e1licas","og_url":"https:\/\/tumobiliario.com\/index.php\/producto\/1165\/","og_site_name":"TU MOBILIARIO","article_modified_time":"2025-10-09T18:23:32+00:00","og_image":[{"width":800,"height":800,"url":"https:\/\/tumobiliario.com\/wp-content\/uploads\/2025\/09\/sky-07-roja.png","type":"image\/png"}],"twitter_card":"summary_large_image","schema":{"@context":"https:\/\/schema.org","@graph":[{"@type":"WebPage","@id":"https:\/\/tumobiliario.com\/index.php\/producto\/1165\/","url":"https:\/\/tumobiliario.com\/index.php\/producto\/1165\/","name":"Silla Sky 07 - TU MOBILIARIO","isPartOf":{"@id":"https:\/\/tumobiliario.com\/#website"},"primaryImageOfPage":{"@id":"https:\/\/tumobiliario.com\/index.php\/producto\/1165\/#primaryimage"},"image":{"@id":"https:\/\/tumobiliario.com\/index.php\/producto\/1165\/#primaryimage"},"thumbnailUrl":"https:\/\/tumobiliario.com\/wp-content\/uploads\/2025\/09\/sky-07-roja.png","datePublished":"2025-09-17T21:26:04+00:00","dateModified":"2025-10-09T18:23:32+00:00","breadcrumb":{"@id":"https:\/\/tumobiliario.com\/index.php\/producto\/1165\/#breadcrumb"},"inLanguage":"es-CO","potentialAction":[{"@type":"ReadAction","target":["https:\/\/tumobiliario.com\/index.php\/producto\/1165\/"]}]},{"@type":"ImageObject","inLanguage":"es-CO","@id":"https:\/\/tumobiliario.com\/index.php\/producto\/1165\/#primaryimage","url":"https:\/\/tumobiliario.com\/wp-content\/uploads\/2025\/09\/sky-07-roja.png","contentUrl":"https:\/\/tumobiliario.com\/wp-content\/uploads\/2025\/09\/sky-07-roja.png","width":800,"height":800},{"@type":"BreadcrumbList","@id":"https:\/\/tumobiliario.com\/index.php\/producto\/1165\/#breadcrumb","itemListElement":[{"@type":"ListItem","position":1,"name":"Inicio","item":"https:\/\/tumobiliario.com\/"},{"@type":"ListItem","position":2,"name":"Tienda","item":"https:\/\/tumobiliario.com\/index.php\/tienda\/"},{"@type":"ListItem","position":3,"name":"Silla Sky 07"}]},{"@type":"WebSite","@id":"https:\/\/tumobiliario.com\/#website","url":"https:\/\/tumobiliario.com\/","name":"TU MOBILIARIO","description":"TU MOBILIARIO.COM, TODDO EN MOBILIARIO PARAA OFICINAS, RESTAURANTES Y CAFETER\u00cdAS, COLEGIOS, SECTOR SALUDD , SILLAS DDE OFICINA,, ESCRITORIOS,  DE OFICINA, LOCKERS , ARCHIVADORES , MEJORAMOS TU COTIZACI\u00d3N","publisher":{"@id":"https:\/\/tumobiliario.com\/#organization"},"potentialAction":[{"@type":"SearchAction","target":{"@type":"EntryPoint","urlTemplate":"https:\/\/tumobiliario.com\/?s={search_term_string}"},"query-input":{"@type":"PropertyValueSpecification","valueRequired":true,"valueName":"search_term_string"}}],"inLanguage":"es-CO"},{"@type":"Organization","@id":"https:\/\/tumobiliario.com\/#organization","name":"TU MOBILIARIO","url":"https:\/\/tumobiliario.com\/","logo":{"@type":"ImageObject","inLanguage":"es-CO","@id":"https:\/\/tumobiliario.com\/#\/schema\/logo\/image\/","url":"https:\/\/tumobiliario.com\/wp-content\/uploads\/2025\/09\/tumobilaitio-2.gif","contentUrl":"https:\/\/tumobiliario.com\/wp-content\/uploads\/2025\/09\/tumobilaitio-2.gif","width":2048,"height":334,"caption":"TU MOBILIARIO"},"image":{"@id":"https:\/\/tumobiliario.com\/#\/schema\/logo\/image\/"}}]}},"_links":{"self":[{"href":"https:\/\/tumobiliario.com\/index.php\/wp-json\/wp\/v2\/product\/1165","targetHints":{"allow":["GET"]}}],"collection":[{"href":"https:\/\/tumobiliario.com\/index.php\/wp-json\/wp\/v2\/product"}],"about":[{"href":"https:\/\/tumobiliario.com\/index.php\/wp-json\/wp\/v2\/types\/product"}],"wp:featuredmedia":[{"embeddable":true,"href":"https:\/\/tumobiliario.com\/index.php\/wp-json\/wp\/v2\/media\/1173"}],"wp:attachment":[{"href":"https:\/\/tumobiliario.com\/index.php\/wp-json\/wp\/v2\/media?parent=1165"}],"wp:term":[{"taxonomy":"product_brand","embeddable":true,"href":"https:\/\/tumobiliario.com\/index.php\/wp-json\/wp\/v2\/product_brand?post=1165"},{"taxonomy":"product_cat","embeddable":true,"href":"https:\/\/tumobiliario.com\/index.php\/wp-json\/wp\/v2\/product_cat?post=1165"},{"taxonomy":"product_tag","embeddable":true,"href":"https:\/\/tumobiliario.com\/index.php\/wp-json\/wp\/v2\/product_tag?post=1165"}],"curies":[{"name":"wp","href":"https:\/\/api.w.org\/{rel}","templated":true}]}}